et p = -129 + 176. What are the prime factors of p?
47
Let j(r) = 32*r**3 - r**2 + 3*r - 1. What are the prime factors of j(1)?
3, 11
Let k = -2 - -3. What are the prime factors of 0 + (-2)/k - -8?
2, 3
Let q(x) = x**3 + 6*x**2 - 10*x - 3. Let p be q(-7). Suppose 0 = -v + 5 + p. What are the prime factors of v?
23
Suppose -3*f = -3*v + 30, f - 6*f - 5*v = 60. Let l(n) = n**2 + 10*n - 2. List the prime factors of l(f).
3
Let j(q) = -12*q**3 + q**2 + 2*q + 1. Suppose w - 4*f = -17, -3*w - 2*f - 3*f = -17. List the prime factors of j(w).
2, 3
Suppose 2*v = 9*v - 588. List the prime factors of v.
2, 3, 7
Let m = 5 + -8. Let c be 1 - 1*177/m. Suppose -4*z - c = -4*u - 0*u, 4*z = -16. List the prime factors of u.
11
Let u = 17 + -33. What are the prime factors of 1/4 + (-332)/u?
3, 7
Suppose 0*q - 3 = -q. Let b be 10/4*6/q. Suppose -b*j = -17 - 18. List the prime factors of j.
7
What are the prime factors of -1*(-5 + 1 - 12)?
2
Suppose c + x - 3 = 0, 3*x - 6*x = -2*c + 6. Suppose 36 = 5*i + c*w - 5, -i + 9 = w. What are the prime factors of i?
7
Let y be (-1)/(2/(-8)) + 0. Let i = -14 - -18. Suppose -y - i = -4*z, 0 = a - 5*z + 3. List the prime factors of a.
7
Suppose 3*s - x = 4*x - 85, s + 10 = -2*x. Let t be (18/(-5))/(6/s). List the prime factors of (-2 - -2) + t/2.
2, 3
Let g(q) = q - 1 - q**2 + 5 - 4 + 2*q**3. What are the prime factors of g(1)?
2
Let r(k) = 8*k**3 - 6*k**2 + 2*k + 1. List the prime factors of r(2).
3, 5
Let x(i) = -i**2 + 5*i - 4. Let b(r) = r**2 - 5*r + 5. Let g(p) = 2*b(p) + 3*x(p). List the prime factors of g(3).
2
Let h = 65 + -33. List the prime factors of h.
2
Suppose 0 = 7*g - 2*g + 10, 118 = 3*q + g. What are the prime factors of q?
2, 5
Let o be (-2)/8 + 2/8. Suppose 2*v - 273 = -5*u, 0 = 3*u + v - 126 - 38. Suppose o*n = n, -5*m = -5*n - u. What are the prime factors of m?
11
Let h be (-2)/2 - (-3 + -28). Suppose -3*w = -0*w + h. Let o(v) = v**2 + 11*v + 15. List the prime factors of o(w).
5
Let a = -43 - -85. What are the prime factors of a?
2, 3, 7
Let h(g) = -6*g - 3*g + g**3 + 3*g**2 + 4*g + 3*g + 3. List the prime factors of h(-3).
3
Suppose -5*q + 0*l + 5*l = -1675, -l = q - 327. What are the prime factors of q?
331
Let l = 35 + -25. Suppose 5*a - 20 = l. Suppose 0 = o - a*o + 35. List the prime factors of o.
7
Let f be 115/2 + 5/10. Let s = f + -41. What are the prime factors of s?
17
Suppose 5*b + 0 = 15. What are the prime factors of b?
3
Suppose -1 - 1 = -w. Let f be 6*3/(-4)*-6. Suppose -w*m = m - f. List the prime factors of m.
3
Let a(o) = -o**2 + 6*o - 1. Let y = -6 - -11. Suppose l = 4*u - 2*l - 28, y*u = -5*l. List the prime factors of a(u).
7
Suppose -4*a + 1 = -5*a, 2*h = -3*a + 113. What are the prime factors of h?
2, 29
Let j be (-7)/2 - 2/(-4). Let d(l) be the third derivative of -l**4/4 - 2*l**3/3 + 2*l**2. List the prime factors of d(j).
2, 7
Suppose 6*h - h = -135. Let n be (18/15)/((-4)/30). What are the prime factors of (0 - (-3)/n)*h?
3
Let n be -2 - (5 - (2 + 0)). What are the prime factors of n/(-15) + 34/6?
2, 3
Suppose 2*h - 41 = -5. Suppose 0*m - 2*m = 0. Suppose m = -2*t + 5*t - h. What are the prime factors of t?
2, 3
Let v(d) = -5*d**3 + d + 1. Let k be v(-1). Let t = 12 - k. Suppose 4*q - 1 = t. What are the prime factors of q?
2
Suppose u = -5*u + 300. List the prime factors of u.
2, 5
List the prime factors of (-2)/7 - (-499)/7.
71
Let b be 5/4 + (-2)/8. Let z be 1*(b*-2 - -2). Suppose 4*r - r - 39 = z. What are the prime factors of r?
13
Suppose -4*o + 8 = h - 8, 2*h + o - 11 = 0. Suppose -j = -h*j + 48. What are the prime factors of j?
2
What are the prime factors of (140/(-50))/((-98)/(-50) - 2)?
2, 5, 7
Suppose -4*j - 80 = -6*l + 3*l, 4*l = 3*j + 95. Let x be (l/2)/(2 - 0). Suppose 4*a - x*g - 59 = 0, -4*a - 42 = -7*a + 3*g. List the prime factors of a.
11
Suppose 0 = -4*v + 7*v - 18. Let w = v + -4. List the prime factors of w.
2
Let i = 45 - 25. Suppose -4*l + 29 = -3*v, -4*l + 2*l + i = -2*v. What are the prime factors of -2 - (-1 + (v - -2))?
2
Let t = -25 - -43. Let u = 33 - t. What are the prime factors of u?
3, 5
Let r(w) = -w**2 - 8*w + 1. Suppose 2*i + 1 = -n - 0*n, 5*n + 2*i + 29 = 0. Let x be r(n). Let l = x - 3. List the prime factors of l.
5
Let b = -5 + 6. Let v be (-1)/(-2)*(5 - b). Let f = v + 16. List the prime factors of f.
2, 3
Suppose s + 4*s = 0. Suppose 3*h + s + 6 = 0, -5*p + h = -62. List the prime factors of p.
2, 3
Suppose -3*h + 7*h = 0. Suppose -5*c = 3*f - 0*f - 226, h = 3*c + 2*f - 136. Suppose 2*d = 4*t + c, 6*t - 3*t = d - 27. What are the prime factors of d?
2, 3
Suppose 0 = -v + 5*v - 3*p - 332, -2*p - 422 = -5*v. Suppose -r = -0*z + 2*z + 66, 0 = -2*z + 4*r - v. List the prime factors of (-4)/(-14) + (-165)/z.
5
Suppose -3*i + 8 = -f, -1 = 3*i - 3*f - 13. Suppose 2*p + 18 = i*v, 3*p + 24 = 3*v - p. List the prime factors of v.
2, 3
Suppose -2 = 5*s - 12. Let t be (3/s)/((-21)/(-28)). Suppose g + 11 = -0*i + t*i, 5*g - 1 = 2*i. What are the prime factors of i?
7
Suppose 2*o = v - 70, -2*v + 4*o + o = -145. Suppose -a - v = -5*a. List the prime factors of (-62)/(-5) + (-6)/a.
2, 3
Let f = -33 + 36. What are the prime factors of f?
3
Suppose 0*o + 12 = 4*o. Suppose -11 = -o*d + 1. List the prime factors of d.
2
Let b(s) = 2*s**2 + 2*s - 2. Suppose 15 = 8*t - 3*t. Suppose 2*v = w - t, 2*w + 0*w + 2 = 0. What are the prime factors of b(v)?
2
List the prime factors of 1/6*3 + (-868)/(-8).
109
Let f = 1 + 35. List the prime factors of f.
2, 3
Suppose 2*b + 319 = 2*x - b, 299 = 2*x + b. What are the prime factors of x?
2, 19
Let q(s) = s**2 + 11*s - 17. Let d be q(-12). Let v = 17 + d. List the prime factors of v.
2, 3
Let f = 30 + -6. Suppose 0 = c - f + 5. What are the prime factors of c?
19
Suppose k = 3*k - 8, 4*w - 96 = 2*k. Suppose 0 = 2*l - 3*u + 5*u - w, -4*u = l - 25. List the prime factors of l.
3
Let w(x) = 9*x - 1. Let t be w(-1). Let r = t + 16. What are the prime factors of r?
2, 3
Let z(j) = -2*j + 1. Let a be z(4). Let u = -4 - a. List the prime factors of u.
3
Let c(m) = 2*m**2 + 4*m + 2. Let w be c(-2). Suppose w*v - 4*p = 3*v - 18, 0 = v - 3*p - 18. List the prime factors of v.
2, 3
Suppose 3*h - 1 = -7. Suppose 0*s - 2*s = 2*a + 8, s + 4*a = -4. Let x = h - s. What are the prime factors of x?
2
Let d = 35 + 8. What are the prime factors of d?
43
Let g be (-117)/21 - 3/7. List the prime factors of (0 + g)*4/(-6).
2
Suppose 3*k + 2 + 4 = 0. Let y = 7 + k. Suppose 9 = y*n - 1. What are the prime factors of n?
2
Suppose 0*k = 2*m + 2*k - 142, 5*m - 3*k - 371 = 0. Let l = m - 38. List the prime factors of l.
5, 7
Let p(s) be the second derivative of -s**5/4 + s**4/12 + s**3/6 - 3*s. Suppose 4 = -6*f + 2*f. List the prime factors of p(f).
5
Let h be -3 + (-6)/9*-123. Suppose -20 = -3*o + h. List the prime factors of o.
3, 11
Suppose -7*k - 35 = -2*k. Let r(x) = -x**3 - 6*x**2 - x. List the prime factors of r(k).
2, 7
Suppose -5*v + 50 + 107 = -2*m, 2*m = 2*v - 58. List the prime factors of (-6)/(-33) + 357/v.
11
Suppose -52 = 10*q - 862. What are the prime factors of q?
3
Let x(r) = -184*r**3 - r**2 - 3*r - 2. List the prime factors of x(-1).
2, 23
Let h(b) = 10*b. Let c be h(3). Suppose x + c = 4*x. List the prime factors of 83/5 - (-4)/x.
17
Let g(u) = u**2 + u + 12. List the prime factors of g(5).
2, 3, 7
Let a(y) = 2*y**2 + 5*y - 3. Let b be a(-4). Let w = b - 4. List the prime factors of w.
5
Let w = -27 + 74. List the prime factors of w.
47
Let j(f) = 3*f - 2 - 2*f**2 - f**3 + 7*f**2 - f. Let p(r) = -2*r - 3. Let k be p(-4). What are the prime factors of j(k)?
2
Let q = 20 - 12. What are the prime factors of 47/2*(q - 6)?
47
Let i(a) be the first derivative of -a**4/8 - 2*a**3/3 + a**2/2 + 2. Let x(j) be the second derivative of i(j). List the prime factors of x(-3).
5
Let r = 43 + 181. List the prime factors of r.
2, 7
Let r(y) = y**3 - y - 9. Let u be r(0). Let w be 1*((-2)/(-2) - 5). Let q = w - u. What are the prime factors of q?
5
Let f = 122 - 69. What are the prime factors of f?
53
Let l(h) = 68*h**3 + h**2 + h - 2. List the prime factors of l(1).
2, 17
Suppose 0 = -5*s + 2*b - b + 58, -3*s - b = -38. Let d be 91/2 + (-6)/s. Suppose -5*h - q + d = 0, -q + 5 = 3*h + 4*q. List the prime factors of h.
2, 5
List the pri